Let a be (-12)/(-18) - 61/(-3). Calculate the greatest common factor of a and 105.
21
Suppose -3*z = -5*z + 54. Calculate the greatest common factor of 81 and z.
27
Suppose 0 = 4*l - 504 + 108. What is the greatest common divisor of 9 and l?
9
Let i = 154 - 69. Calculate the highest common divisor of i and 5.
5
Let o(r) = r**3 + r**2 - 1. Let i be o(-2). Let v(x) = x**3 + 5*x**2 - 4*x + 3. Let u be v(i). Let k = u - 12. What is the greatest common factor of 99 and k?
11
Suppose 60 + 3 = 3*c. Let g be (-4)/(-14) - (-561)/c. Calculate the highest common factor of 3 and g.
3
Let o = -188 + 323. Calculate the greatest common divisor of o and 15.
15
Let d be (6/(-4) - -2)/((-1)/(-48)). What is the highest common divisor of d and 96?
24
Suppose 50 = 2*d - 0. Suppose -3*r = 2*r + 2*v - 7, -4*v = -3*r + d. Suppose 8*o - 110 = r*o. Calculate the greatest common factor of o and 33.
11
Let f be (-2)/5 - (-10)/25. Suppose -157 = -l - 2*d, -3*d = 4*l - f*l - 618. Calculate the highest common factor of l and 17.
17
Let x be (144/(-20))/(4/(-20)). Calculate the highest common factor of 9 and x.
9
Suppose 5*m - 25 = 0, 3*u - 3*m = 10 + 191. What is the greatest common factor of u and 9?
9
Let u(w) = -3*w + 27. Let c be u(8). Calculate the highest common divisor of c and 4.
1
Let t be 50/6 - 4/12. Let x be (-1)/(-3) + (-11)/(-3). Let d be 351/x + 2/8. Calculate the greatest common divisor of t and d.
8
Let x = 4 - 0. Let z be (8/(-10))/(x/(-50)). Let t(s) = 9*s**3 - 2*s**2 + 3*s. Let n be t(2). What is the highest common divisor of z and n?
10
Suppose -3*v - 28 + 4 = -3*t, 4*t - 3*v = 30. Let r(h) = h**2 - h - 2. Let i be r(3). Calculate the highest common divisor of t and i.
2
Let b = 10 + -38. Let m be (54/(-7))/(3/b). What is the greatest common divisor of 9 and m?
9
Suppose 86 = 4*f - 34. Suppose -3*o - 44 = -o. Let i = o + 34. What is the highest common divisor of f and i?
6
Let z(o) = -o**3 - 6*o**2 + 8*o + 7. Let t be z(-7). Suppose 2*f = -5*k + 242, -146 = -3*k - t*k - f. What is the highest common factor of 20 and k?
10
Let x be 0*1*2/(-4). Suppose x = 5*w - j - 45, -2*w = 3*w + j - 35. Calculate the highest common factor of 32 and w.
8
Let u(y) be the third derivative of 7*y**4/24 + y**2. Let h = 7 - 5. Let n be u(h). What is the greatest common divisor of 2 and n?
2
Let q = 22 + -19. Suppose 2*g = -w - 2*g + 10, -2*w + 45 = q*g. Calculate the highest common factor of 20 and w.
10
Suppose -5*g = 57 - 137. Suppose 3*b - 160 = b. What is the highest common divisor of g and b?
16
Let n = -155 - -211. What is the highest common factor of n and 8?
8
Let s = -10 - -40. Suppose -s = -t + 46. Let h(d) = d**2 - 5*d + 5. Let r be h(7). What is the highest common factor of r and t?
19
Let p be ((-46)/6)/(5/(-45)) - 4. What is the greatest common divisor of 5 and p?
5
Let z(s) = 2*s**2 + 2*s - 1. Let d be z(5). Let o be (444/(-8))/((-2)/4). Let y = o - d. Calculate the highest common factor of 13 and y.
13
Suppose -4*r = -26 - 22. Let o be (1/(-2))/((-1)/8). Let q(x) = x**2 - 2*x - 5. Let h be q(o). What is the greatest common factor of r and h?
3
Let r(c) be the second derivative of -c**5/20 + c**3/3 + 3*c**2/2 - 5*c. Let s be r(-2). What is the greatest common divisor of 63 and s?
7
Suppose 5 - 18 = -h. Suppose -2*u + 2*t - 5*t = -h, 0 = 2*u - t - 25. Calculate the highest common factor of 99 and u.
11
Let q = -268 + 440. What is the highest common factor of q and 43?
43
Let y be (18/(-8))/(15/280). Let o be 26/14 - 6/y. Calculate the greatest common factor of o and 16.
2
Let c = -7 - -12. Suppose c*p = l + l + 277, 2*l = 3*p - 167. Calculate the highest common factor of 5 and p.
5
Let l be (-22)/3 - (-3)/9. Let u(o) = -o. Let w(h) = 15*h - 6. Let r(k) = -12*u(k) - w(k). Let t be r(l). What is the greatest common divisor of t and 9?
9
Let c(r) = 21 - 12 - 7 - r**2. Let k be c(0). Suppose -b - 2*x = -14 + 4, 7 = b + 3*x. Calculate the highest common divisor of k and b.
2
Let g(n) = -12*n - 12. Let a be g(-4). What is the highest common factor of a and 24?
12
Let v = -14 - -29. Let t(b) = 10*b + 10. Let p be t(5). What is the highest common factor of v and p?
15
Let p(u) = u + 2. Let h = 0 - -4. Let j be p(h). Calculate the highest common factor of j and 24.
6
Let v = 1 - -1. Let i be ((-156)/30)/(v/(-5)). Calculate the highest common divisor of 143 and i.
13
Suppose -198 = -7*v + 96. Calculate the greatest common factor of v and 14.
14
Let b = -4 + 19. Calculate the highest common divisor of 60 and b.
15
Let m = 64 + -16. Let l(b) = b + 4. Suppose 5*o = 34 + 26. Let u be l(o). Calculate the highest common divisor of m and u.
16
Let v be (-3)/(-12) - (-46)/8. Suppose 0 = -3*o - 0*o. Suppose q - v*q + 45 = o. What is the highest common factor of 9 and q?
9
Let x be (-2 - (-15)/9)*-9. Suppose x*o = 43 - 13. What is the greatest common divisor of 30 and o?
10
Let b be 50/(-2 + (-96)/(-44)). Calculate the highest common factor of b and 25.
25
Suppose 4*t + 30 = -t. Let b(p) = -p**3 - 6*p**2 - 2*p - 1. Let q be b(t). Let k = 17 + -6. Calculate the greatest common divisor of q and k.
11
Suppose -3*q + 5*i + 192 = 0, -i = -0*q - q + 64. Calculate the greatest common divisor of 16 and q.
16
Suppose b + 0 = 2. Let a(g) = 1 + 4*g - 1 - g**3 + 4 - 4*g**b. Let k be a(-5). Calculate the highest common factor of k and 6.
3
Let t(f) = 770*f**2. Let x be t(-2). Let k be 1/3 - x/(-21). Calculate the highest common divisor of k and 21.
21
Let z = 2 + 1. Suppose v = z*v - 128. What is the greatest common factor of 8 and v?
8
Let f(z) = 3*z**3 - 2*z**2 - 2*z - 5. Let h be f(3). Calculate the greatest common divisor of h and 26.
26
Let d = -82 + 88. What is the greatest common divisor of d and 42?
6
Let z = -26 - -58. Suppose 5*a = 4*a + z. Calculate the highest common factor of a and 16.
16
Let j = -46 - -49. Calculate the highest common divisor of 12 and j.
3
Let z be 3/15 + (-49)/(-5). Calculate the greatest common factor of 80 and z.
10
Let x be -29 + 33 + 6*2. What is the highest common factor of x and 24?
8
Suppose 25 = 4*g - 9*g, 3*j - 3*g - 105 = 0. Let q = 181 - 106. What is the greatest common factor of j and q?
15
Let d(s) = -s**2 + 7*s - 1. Let c be d(6). What is the greatest common divisor of 25 and c?
5
Suppose -315 + 1240 = 5*q. Calculate the highest common divisor of 37 and q.
37
Suppose 6 = x + x. Suppose x*i + 0*i = 0. Let l be (i + 12)/(3/2). What is the greatest common factor of 24 and l?
8
Suppose -392 = -4*o - 0*o. Suppose 0 = -5*b - 5*q + 75, 3*b - 2*q = -b + 54. What is the highest common divisor of b and o?
14
Let g = 27 + -53. Let a = g - -38. What is the greatest common factor of a and 4?
4
Suppose 320 = 2*u + 2*t, -830 = -5*u - 4*t + 5*t. Suppose 2*v + 26 = -14*g + 16*g, -2*v + 4 = 0. What is the highest common divisor of g and u?
15
Let t(f) = f**3 + 3*f**2 - 5*f - 2. Let p be t(-4). Calculate the highest common divisor of 22 and p.
2
Let k be 246*(4/(-12))/(-1). Calculate the greatest common factor of k and 123.
41
Suppose 11*y - 6*y = 245. What is the greatest common factor of y and 7?
7
Let p = -165 + 269. Suppose 0 = 2*g - g - p. Suppose -h + 52 = 3*h. What is the greatest common factor of h and g?
13
Suppose 2*i = 2*k, -i = -4*k - 1 - 2. Let j(g) = -71*g**3 - 2*g - 1. Let r be j(i). Calculate the highest common divisor of 9 and r.
9
Let g(u) = -4*u - 4. Let i be g(-4). Let t be (0 + 4)*-3*-3. What is the greatest common factor of i and t?
12
Suppose 2 - 8 = -c - 2*k, -2*c + 48 = -5*k. Suppose 0 = -2*h + 40 + c. Suppose -h = -5*x + 18. What is the highest common factor of x and 1?
1
Let w be (-3)/((3 + 1)/(-12)). Calculate the greatest common divisor of w and 81.
9
Let y(f) = -f**2 - 13*f - 23. Let z be y(-10). What is the highest common divisor of 14 and z?
7
Let a be 3/(-12) - ((-34)/8 + 3). What is the greatest common divisor of a and 4?
1
Suppose -p + 1 = 0, -3*p + 107 = 6*k - 2*k. What is the greatest common factor of 65 and k?
13
Let v = -17 + 19. Suppose 5*o + v*b = 55, 5*o - 2*b - 40 = -b. Calculate the greatest common divisor of o and 27.
9
Let n = -21 - -71. Calculate the highest common factor of 75 and n.
25
Suppose k + 1 = 7. Let p be 2/6 - (-46)/k. Let j(o) = 2*o**2 + o + 6. Let y be j(-6). What is the highest common factor of p and